9
What is the ten thousands digit of 517170?
1
What is the tens digit of 3933165?
6
What is the thousands digit of 18950?
8
What is the ten thousands digit of 1591798?
9
What is the millions digit of 1995488?
1
What is the thousands digit of 3942202?
2
What is the hundreds digit of 824201?
2
What is the ten thousands digit of 1442973?
4
What is the thousands digit of 1350497?
0
What is the tens digit of 319622?
2
What is the ten thousands digit of 78493?
7
What is the ten thousands digit of 1249121?
4
What is the hundred thousands digit of 196431?
1
What is the tens digit of 116112?
1
What is the hundred thousands digit of 24677691?
6
What is the units digit of 7530013?
3
What is the thousands digit of 3855875?
5
What is the tens digit of 2384374?
7
What is the units digit of 11062337?
7
What is the hundreds digit of 33716?
7
What is the tens digit of 27276200?
0
What is the tens digit of 483222?
2
What is the thousands digit of 3811925?
1
What is the hundreds digit of 128917?
9
What is the hundred thousands digit of 297833?
2
What is the millions digit of 5403950?
5
What is the hundreds digit of 6861845?
8
What is the hundred thousands digit of 155190?
1
What is the tens digit of 206780?
8
What is the millions digit of 40967094?
0
What is the units digit of 11144453?
3
What is the hundreds digit of 653428?
4
What is the ten thousands digit of 343498?
4
What is the thousands digit of 771699?
1
What is the hundred thousands digit of 1252343?
2
What is the units digit of 7946?
6
What is the ten thousands digit of 778597?
7
What is the units digit of 93906?
6
What is the hundreds digit of 801975?
9
What is the units digit of 12695259?
9
What is the thousands digit of 921273?
1
What is the millions digit of 2350017?
2
What is the ten thousands digit of 555322?
5
What is the units digit of 114483?
3
What is the hundreds digit of 941164?
1
What is the units digit of 8858060?
0
What is the tens digit of 2112771?
7
What is the units digit of 809058?
8
What is the hundred thousands digit of 14046100?
0
What is the hundred thousands digit of 2291872?
2
What is the hundreds digit of 1018656?
6
What is the thousands digit of 13400652?
0
What is the units digit of 1098114?
4
What is the hundreds digit of 478631?
6
What is the tens digit of 96014?
1
What is the ten millions digit of 13954297?
1
What is the thousands digit of 185303?
5
What is the ten thousands digit of 774063?
7
What is the tens digit of 272502?
0
What is the hundred thousands digit of 2633522?
6
What is the ten thousands digit of 2198968?
9
What is the millions digit of 17708978?
7
What is the hundred thousands digit of 10294763?
2
What is the units digit of 85234?
4
What is the hundred thousands digit of 1724464?
7
What is the ten thousands digit of 809859?
0
What is the units digit of 1814027?
7
What is the units digit of 1905093?
3
What is the hundreds digit of 3052201?
2
What is the tens digit of 3327305?
0
What is the hundred thousands digit of 204939?
2
What is the tens digit of 2831293?
9
What is the hundred thousands digit of 1081961?
0
What is the units digit of 9525?
5
What is the ten thousands digit of 545152?
4
What is the tens digit of 2118808?
0
What is the tens digit of 65318?
1
What is the hundred thousands digit of 1686894?
6
What is the units digit of 201048?
8
What is the hundred thousands digit of 7600044?
6
What is the thousands digit of 1149827?
9
What is the thousands digit of 400282?
0
What is the thousands digit of 1130591?
0
What is the hundreds digit of 263747?
7
What is the tens digit of 15464489?
8
What is the hundred thousands digit of 3586569?
5
What is the tens digit of 485186?
8
What is the units digit of 6224037?
7
What is the tens digit of 906248?
4
What is the units digit of 570137?
7
What is the units digit of 761273?
3
What is the units digit of 113162?
2
What is the hundreds digit of 313558?
5
What is the ten thousands digit of 13350396?
5
What is the hundreds digit of 362129?
1
What is the units digit of 230122?
2
What is the thousands digit of 170514?
0
What is the hundred thousands digit of 7509100?
5
What is the ten thousands digit of 2946689?
4
What is the hundred thousands digit of 3960211?
9
What is the tens digit of 3861487?
8
What is the tens digit of 7860933?
3
What is the ten thousands digit of 279698?
7
What is the ten thousands digit of 199511?
9
What is the tens digit of 14317?
1
What is the millions digit of 1896835?
1
What is the hundred thousands digit of 402739?
4
What is the thousands digit of 705201?
5
What is the thousands digit of 2807260?
7
What is the tens digit of 5099529?
2
What is the hundred thousands digit of 218615?
2
What is the millions digit of 17907433?
7
What is the hundred thousands digit of 420427?
4
What is the units digit of 655394?
4
What is the thousands digit of 42715978?
5
What is the thousands digit of 1815260?
5
What is the ten thousands digit of 10397858?
9
What is the hundreds digit of 8179576?
5
What is the hundred thousands digit of 473371?
4
What is the millions digit of 29267794?
9
What is the thousands digit of 69229?
9
What is the ten thousands digit of 3487740?
8
What is the ten millions digit of 31658690?
3
What is the thousands digit of 18367061?
7
What is the thousands digit of 5486772?
6
What is the hundreds digit of 638432?
4
What is the hundred thousands digit of 12563981?
5
What is the thousands digit of 3104598?
4
What is the hundreds digit of 4851355?
3
What is the tens digit of 10224377?
7
What is the hundreds digit of 168680?
6
What is the units digit of 400480?
0
What is the hundred thousands digit of 316672?
3
What is the thousands digit of 72336?
2
What is the tens digit of 352918?
1
What is the thousands digit of 4433515?
3
What is the thousands digit of 683525?
3
What is the thousands digit of 8761108?
1
What is the units digit of 84738?
8
What is the hundreds digit of 1180166?
1
What is the units digit of 330078?
8
What is the hundreds digit of 2257170?
1
What is the ten thousands digit of 2327020?
2
What is the thousands digit of 291217?
1
What is the hundred thousands digit of 320158?
3
What is the millions digit of 7922791?
7
What is the tens digit of 13176537?
3
What is the tens digit of 1057646?
4
What is the ten thousands digit of 73784?
7
What is the units digit of 316501?
1
What is the ten thousands digit of 6233473?
3
What is the thousands digit of 10698794?
8
What is the hundred thousands digit of 2482869?
4
What is the hundred thousands digit of 407004?
4
What is the hundreds digit of 7470937?
9
What is the ten thousands digit of 1686114?
8
What is the units digit of 284666?
6
What is the thousands digit of 1034358?
4
What is the thousands digit of 17191168?
1
What is the ten thousands digit of 2579046?
7
What is the ten millions digit of 10993359?
1
What is the hundred thousands digit of 881061?
8
What is the thousands digit of 1039439?
9
What is the units digit of 261449?
9
What is the millions digit of 4356646?
4
What is the ten thousands digit of 1008289?
0
What is the hundreds digit of 990407?
4
What is the hundred thousands digit of 1875646?
8
What is the ten thousands digit of 8603100?
0
What is the tens digit of 6810170?
7
What is the ten thousands digit of 1825465?
2
What is the tens digit of 126382?
8
What is the hundreds digit of 7474523?
5
What is the ten millions digit of 24253579?
2
What is the millions digit of 15297094?
5
What is the units digit of 2004298?
8
What is the hundreds digit of 30183?
1
What is the hundreds digit of 185674?
6
What is the thousands digit of 5371453?
1
What is the hundred thousands digit of 3002721?
0
What is the thousands digit of 672218?
2
What is the thousands digit of 1571712?
1
What is the hundreds digit of 9539450?
4
What is the units digit of 91206?
6
What is the units digit of 1124680?
0
What is the millions digit of 7679726?
7
What is the hundreds digit of 465933?
9
What is the millions digit of 3117324?
3
What is the millions digit of 17552592?
7
What is the hundreds digit of 22411234?
2
What is the ten thousands digit of 960751?
6
What is the ten thousands digit of 144950?
4
What is the hundreds digit of 15960371?
3
What is the ten thousands digit of 279139?
7
What is the thousands digit of 222817?
2
What is the t